{"id":41,"date":"2024-12-09T10:00:26","date_gmt":"2024-12-09T13:00:26","guid":{"rendered":"https:\/\/fotorama.cl\/pro\/home\/"},"modified":"2026-04-06T11:55:20","modified_gmt":"2026-04-06T14:55:20","slug":"home","status":"publish","type":"page","link":"https:\/\/www.fotorama.cl\/pro\/","title":{"rendered":"Home"},"content":{"rendered":"\n\n\n\n\n\n\n\n\n\n\n\n\n\n\n\n<h2>Fot\u00f3grafo de retratos, fotografia corporativa, gastronomia ropa y productos<\/h2>\n<h3>portfolio<\/h3>\n<p style=\"color: rgb(255, 255, 255);\">&#8220;Exploramos la esencia de cada proyecto, creando im\u00e1genes y videos que destacan marcas, espacios y productos con creatividad y precisi\u00f3n.&#8221;<\/p>\n\n\n<p>Lorem Ipsum has been the industry&#8217;s standard dummy text ever since the 1500s.<\/p>\n<p>Lorem Ipsum has been the industry&#8217;s standard dummy text ever since the 1500s.<\/p>\n<p>Lorem Ipsum has been the industry&#8217;s standard dummy text ever since the 1500s.<\/p>\n<p>Lorem Ipsum has been the industry&#8217;s standard dummy text ever since the 1500s.<\/p>\n<p>Lorem Ipsum has been the industry&#8217;s standard dummy text ever since the 1500s.<\/p>\n<p>Lorem Ipsum has been the industry&#8217;s standard dummy text ever since the 1500s.<\/p>\n<p>Lorem Ipsum has been the industry&#8217;s standard dummy text ever since the 1500s.<\/p>\n\n\n<p>Lorem Ipsum has been the industry&#8217;s standard dummy text ever since the 1500s.<\/p>\n<p>Lorem Ipsum has been the industry&#8217;s standard dummy text ever since the 1500s.<\/p>\n<p>Lorem Ipsum has been the industry&#8217;s standard dummy text ever since the 1500s.<\/p>\n<p>Lorem Ipsum has been the industry&#8217;s standard dummy text ever since the 1500s.<\/p>\n<p>Lorem Ipsum has been the industry&#8217;s standard dummy text ever since the 1500s.<\/p>\n<p>Lorem Ipsum has been the industry&#8217;s standard dummy text ever since the 1500s.<\/p>\n<p>Lorem Ipsum has been the industry&#8217;s standard dummy text ever since the 1500s.<\/p>\n<p>Lorem Ipsum has been the industry&#8217;s standard dummy text ever since the 1500s.<\/p>\n<p>Lorem Ipsum has been the industry&#8217;s standard dummy text ever since the 1500s.<\/p>\n\n\n\n\n\n\n<p>Lorem Ipsum has been the industry&#8217;s standard dummy text ever since the 1500s.<\/p>\n<p>Lorem Ipsum has been the industry&#8217;s standard dummy text ever since the 1500s.<\/p>\n\n\n<p>Lorem Ipsum has been the industry&#8217;s standard dummy text ever since the 1500s.<\/p>\n<p>Lorem Ipsum has been the industry&#8217;s standard dummy text ever since the 1500s.<\/p>\n\n\n<p>Lorem Ipsum has been the industry&#8217;s standard dummy text ever since the 1500s.<\/p>\n<p>Lorem Ipsum has been the industry&#8217;s standard dummy text ever since the 1500s.<\/p>\n\n\n\n\n<h2>Fot\u00f3grafo profesional en Santiago<\/h2>\n<h3>Acerca de m\u00ed<\/h3>\n<p>&#8220;Con m\u00e1s de dos d\u00e9cadas transformando ideas en obras visuales que cuentan historias, despiertan emociones y por sobre todo venden.&#8221;<\/p>\n\n\n<p>Lorem Ipsum has been the industry&#8217;s standard dummy text ever since the 1500s.<\/p>\n\n\n\n<h5>Hola<\/h5>\n\n\n<p dir=\"ltr\" style=\"line-height:1.38;margin-top:12pt;margin-bottom:12pt;\"><span style=\"font-size:11pt;font-family:Arial,sans-serif;color:#000000;background-color:transparent;font-weight:400;font-style:normal;font-variant:normal;text-decoration:none;vertical-align:baseline;white-space:pre;white-space:pre-wrap;\">&#8220;Me sumerg\u00ed en el mundo de las im\u00e1genes en 1996, como quien abre un libro por su primera p\u00e1gina, lleno de promesas y posibilidades. All\u00ed estaba yo, joven y curioso, descubriendo el dise\u00f1o gr\u00e1fico en ARCIS, donde cada trazo y color parec\u00eda una ventana a un universo nuevo. No tard\u00e9 en darme cuenta de que mi verdadera pasi\u00f3n lat\u00eda m\u00e1s all\u00e1 del papel: la fotograf\u00eda profesional. As\u00ed llegu\u00e9 a ARCOS, donde durante cuatro a\u00f1os aprend\u00ed a capturar la vida misma con una menci\u00f3n en publicidad. Mis primeros pasos fueron en la fotograf\u00eda art\u00edstica y experimental, un terreno lleno de riesgos y maravillas, mientras hac\u00eda trabajos espor\u00e1dicos que me manten\u00edan en constante aprendizaje.<\/span><\/p><p dir=\"ltr\" style=\"line-height:1.38;margin-top:12pt;margin-bottom:12pt;\"><span style=\"font-size:11pt;font-family:Arial,sans-serif;color:#000000;background-color:transparent;font-weight:400;font-style:normal;font-variant:normal;text-decoration:none;vertical-align:baseline;white-space:pre;white-space:pre-wrap;\">Sin embargo, fue en 2006 cuando di el salto al vac\u00edo, decidido a ser fot\u00f3grafo profesional. Desde entonces, he explorado paisajes tan variados como la fotograf\u00eda publicitaria, la arquitectura e interiorismo, productos, retratos corporativos, moda, gastronom\u00eda y eventos. Santiago se convirti\u00f3 en mi lienzo y sus calles, mi inspiraci\u00f3n.<\/span><\/p><p dir=\"ltr\" style=\"line-height:1.38;margin-top:12pt;margin-bottom:12pt;\"><span style=\"font-size:11pt;font-family:Arial,sans-serif;color:#000000;background-color:transparent;font-weight:400;font-style:normal;font-variant:normal;text-decoration:none;vertical-align:baseline;white-space:pre;white-space:pre-wrap;\">El 2011 trajo consigo una nueva aventura: el video. Con el ojo entrenado por a\u00f1os de fotograf\u00eda y una mezcla de estudios formales e insaciable autoaprendizaje, abrac\u00e9 este nuevo lenguaje visual. Desde entonces, he grabado y editado videos profesionales para redes sociales, productos, arquitectura e interiorismo, campa\u00f1as de ventas, making of, eventos corporativos y otros. Cada proyecto es como un caleidoscopio, lleno de detalles, movimiento y emoci\u00f3n.<\/span><\/p><p><span id=\"docs-internal-guid-6aae671f-7fff-d892-43a9-a5d421a4d59b\"><\/span><\/p><p dir=\"ltr\" style=\"line-height:1.38;margin-top:12pt;margin-bottom:12pt;\"><span style=\"font-size:11pt;font-family:Arial,sans-serif;color:#000000;background-color:transparent;font-weight:400;font-style:normal;font-variant:normal;text-decoration:none;vertical-align:baseline;white-space:pre;white-space:pre-wrap;\">As\u00ed, entre luces, lentes y ediciones, sigo explorando el arte de contar historias, porque al final, cada imagen, ya sea fija o en movimiento, es una carta al instante que la cre\u00f3.&#8221;<\/span><\/p>\n\n\n<p [object NamedNodeMap]>FOTOGRAFO<\/p>\n\n\n\n\n\n\n\n\n\n<p>Capturamos m\u00e1s que im\u00e1genes: contamos historias a trav\u00e9s de cada encuadre. Nuestro <strong>servicio de fotograf\u00eda profesional en Santiago<\/strong> combina t\u00e9cnica de vanguardia con un ojo art\u00edstico \u00fanico, garantizando que cada retrato, producto o espacio sea una obra de arte visual. Ya sea para inmortalizar momentos especiales, destacar tu marca o presentar tus proyectos, nuestra experiencia de m\u00e1s de 20 a\u00f1os asegura resultados impactantes que transmitir\u00e1n el mensaje exacto que necesitas.<\/p>\n\n\n<p>Damos vida a tus ideas a trav\u00e9s del movimiento. Nuestro servicio de video profesional transforma conceptos en narrativas vibrantes, perfectas para redes sociales, <strong>eventos, productos o campa\u00f1as<\/strong>. Con un equipo experto y tecnolog\u00eda de \u00faltima generaci\u00f3n, creamos videos llenos de emoci\u00f3n, detalles y calidad cinematogr\u00e1fica, dise\u00f1ados para captar la atenci\u00f3n y dejar una huella duradera.<\/p>\n\n\n\n\n\n\n<h2>Sesiones fotogr\u00e1ficas en Santiago<\/h2>\n<h3><font style=\"vertical-align: inherit;\">Nuestras caracter\u00edsticas<\/font><\/h3>\n\n<p [object NamedNodeMap]>Descubre la esencia de Fotorama: innovaci\u00f3n, narrativa visual y una pasi\u00f3n inquebrantable por transformar cada proyecto en una obra \u00fanica.<\/p>\n\n\n\n\n<p>En Fotorama, cada producto, espacio o retrato es tratado como una joya, descubriendo \u00e1ngulos que desnudan su esencia. No capturamos solo lo que el ojo ve, sino tambi\u00e9n lo que la imaginaci\u00f3n sue\u00f1a, creando im\u00e1genes que hablan en silencio y seducen sin esfuerzo.<\/p>\n\n<p><strong>Daniel Hern\u00e1ndez<\/strong>, con dos d\u00e9cadas de experiencia, ha convertido a Fotorama en un faro de excelencia visual. Entre luces y sombras, ha perfeccionado un oficio donde la t\u00e9cnica se encuentra con el arte, logrando resultados que cruzan la frontera entre lo real y lo memorable.<\/p>\n\n<p>Fotorama no es solo Daniel Hern\u00e1ndez, sino un colectivo de mentes creativas que trabajan en armon\u00eda. Juntos, somos m\u00e1s que una empresa: somos un equipo apasionado por capturar la esencia de cada proyecto con frescura y precisi\u00f3n.<\/p>\n\n\n\n<p>Lorem Ipsum has been the industry&#8217;s standard dummy text ever since the 1500s.<\/p>\n\n\n\n<p>La modernidad y la innovaci\u00f3n son la br\u00fajula que gu\u00eda a Fotorama. Con equipos de \u00faltima generaci\u00f3n y un equipo creativo en constante evoluci\u00f3n, nos aseguramos de que cada proyecto no solo cumpla expectativas, sino que las desborde con creces.<\/p>\n\n\n<p>Desde la fotograf\u00eda publicitaria que despierta deseos, hasta los retratos corporativos que inspiran confianza, y la arquitectura que cobra vida a trav\u00e9s del lente, Fotorama abraza la diversidad de la imagen comercial con un dominio absoluto de cada disciplina.<\/p>\n\n\n<p>Cada encuadre es un relato, cada toma una historia que pide ser contada. En Fotorama, no creamos im\u00e1genes por el simple placer de hacerlo, sino para tejer narrativas que conecten con el p\u00fablico, despierten emociones y dejen una impresi\u00f3n imborrable.<\/p>\n\n\n\n\n\n\n\n<h3>testimonios<\/h3>\n\n\n<span style=\"font-weight: 600; color: rgb(34, 34, 34); font-family: ProximaNova, Helvetica, Arial, sans-serif; font-size: 18px; text-align: left; background-color: rgb(255, 255, 255);\">Incre\u00edbles y profesionales<\/span><div><span style=\"color: rgb(34, 34, 34); font-family: ProximaNova, Helvetica, Arial, sans-serif; font-size: 16px; text-align: left; background-color: rgb(255, 255, 255);\">Fueron puntuales, gran equipo de fotograf\u00eda e iluminaci\u00f3n, nos aconsejaron super bien para las poses, la elecci\u00f3n de lugares. Amables, sin duda los recomendamos full. Gracias por su trabajo fotorama<\/span><span style=\"font-size: 14px;\">.<\/span><p><span style=\"color: rgb(0, 0, 0);\"><\/span><\/p><\/div>\n\n\n<p class=\"adminReviewsItem__title\" style=\"margin-top: 0px; margin-bottom: 5px; font-size: 18px; line-height: 26px; font-weight: 600; color: rgb(34, 34, 34); font-family: ProximaNova, Helvetica, Arial, sans-serif; text-align: center; background-color: rgb(255, 255, 255);\">Excelente fotografo<\/p><p class=\"adminReviewsItem__description \" style=\"margin-top: 0px; margin-bottom: 10px; word-break: break-word; color: rgb(34, 34, 34); font-family: ProximaNova, Helvetica, Arial, sans-serif; font-size: 16px; text-align: center; background-color: rgb(255, 255, 255);\">100% recomendado, muy profesional y las fotos muy muy buenas.<\/p><p><span style=\"color: rgb(0, 0, 0);\"><\/span><\/p>\n\n\n<p class=\"adminReviewsItem__title\" style=\"margin-top: 0px; margin-bottom: 5px; font-size: 18px; line-height: 26px; font-weight: 600; color: rgb(34, 34, 34); font-family: ProximaNova, Helvetica, Arial, sans-serif; text-align: center; background-color: rgb(255, 255, 255);\">Muchas fotos y gran disposici\u00f3n<\/p><p class=\"adminReviewsItem__description \" style=\"margin-top: 0px; margin-bottom: 10px; word-break: break-word; color: rgb(34, 34, 34); font-family: ProximaNova, Helvetica, Arial, sans-serif; font-size: 16px; text-align: center; background-color: rgb(255, 255, 255);\">Muchas fotos entregadas en primera instancia. Muy atento a los momentos del evento y excelente disposici\u00f3n para tomar fotos de lo que le pidi\u00e9ramos.<br>Buenas fotos, variedad de \u00e1ngulos e integraci\u00f3n de todos los asistentes<\/p><p><span style=\"color: rgb(0, 0, 0);\"><\/span><\/p>\n\n\n\n\n\n\n\n<h4>\u00bfTIENES UN PROYECTO? escribenos:\u00a0<\/h4>\n\n\n\n\n\n\n\n","protected":false},"excerpt":{"rendered":"","protected":false},"author":1,"featured_media":0,"parent":0,"menu_order":0,"comment_status":"closed","ping_status":"closed","template":"","meta":{"pagelayer_contact_templates":[],"_pagelayer_content":"","_monsterinsights_skip_tracking":false,"_monsterinsights_sitenote_active":false,"_monsterinsights_sitenote_note":"","_monsterinsights_sitenote_category":0,"_uf_show_specific_survey":0,"_uf_disable_surveys":false,"footnotes":""},"class_list":["post-41","page","type-page","status-publish","hentry"],"aioseo_notices":[],"_links":{"self":[{"href":"https:\/\/www.fotorama.cl\/pro\/wp-json\/wp\/v2\/pages\/41","targetHints":{"allow":["GET"]}}],"collection":[{"href":"https:\/\/www.fotorama.cl\/pro\/wp-json\/wp\/v2\/pages"}],"about":[{"href":"https:\/\/www.fotorama.cl\/pro\/wp-json\/wp\/v2\/types\/page"}],"author":[{"embeddable":true,"href":"https:\/\/www.fotorama.cl\/pro\/wp-json\/wp\/v2\/users\/1"}],"replies":[{"embeddable":true,"href":"https:\/\/www.fotorama.cl\/pro\/wp-json\/wp\/v2\/comments?post=41"}],"version-history":[{"count":36,"href":"https:\/\/www.fotorama.cl\/pro\/wp-json\/wp\/v2\/pages\/41\/revisions"}],"predecessor-version":[{"id":1054,"href":"https:\/\/www.fotorama.cl\/pro\/wp-json\/wp\/v2\/pages\/41\/revisions\/1054"}],"wp:attachment":[{"href":"https:\/\/www.fotorama.cl\/pro\/wp-json\/wp\/v2\/media?parent=41"}],"curies":[{"name":"wp","href":"https:\/\/api.w.org\/{rel}","templated":true}]}}