{"id":102,"date":"2024-12-10T00:22:06","date_gmt":"2024-12-10T03:22:06","guid":{"rendered":"https:\/\/fotorama.cl\/pro\/?page_id=102"},"modified":"2025-08-06T03:56:19","modified_gmt":"2025-08-06T06:56:19","slug":"retrato-corporativo","status":"publish","type":"page","link":"https:\/\/www.fotorama.cl\/pro\/retrato-corporativo\/","title":{"rendered":"Retrato corporativo"},"content":{"rendered":"\n\n\n\n<h2>retrato corporativo<\/h2>\n\n\n\n\n\n\n\n\n\n\n\ud83d\udcf8 La fotograf\u00eda de retrato corporativo es una herramienta esencial en el mundo profesional actual, especialmente en plataformas como LinkedIn, donde la primera impresi\u00f3n cuenta.\n\n\n\n\n\ud83d\udc64 En Fotorama, entendemos que un retrato bien ejecutado no solo captura la esencia de una persona, sino que tambi\u00e9n refleja la identidad y los valores de la empresa.\n\n\n\n\n\ud83d\udccd Ofrecemos sesiones de fotos tipo headshot en nuestro estudio en \u00d1u\u00f1oa, as\u00ed como en locaciones personalizadas, que permiten crear ambientes \u00fanicos y adaptados a la imagen que deseas proyectar.\n\n\n\n\n\u2728 Cada retrato es una oportunidad para destacar tu profesionalismo y confianza, y estamos aqu\u00ed para asegurarnos de que cada detalle cuente.\n\n\n\n\n\ud83d\udd70\ufe0f Con m\u00e1s de 20 a\u00f1os de experiencia, en Fotorama nos dedicamos a brindar un servicio de calidad y atenci\u00f3n personalizada.\n\n\n\n\n\ud83e\udd1d Nuestro equipo se esfuerza por crear un ambiente c\u00f3modo y profesional, lo que permite que nuestros clientes se sientan relajados y aut\u00e9nticos frente a la c\u00e1mara.\n\n\n\n\n\ud83d\udeaa Sabemos que un buen retrato puede abrir puertas y generar oportunidades, por lo que nos comprometemos a capturar im\u00e1genes que no solo sean visualmente atractivas, sino que tambi\u00e9n transmitan la esencia de cada individuo.\n\n\n\n\n\ud83c\udf1f Conf\u00eda en nosotros para llevar tu imagen profesional al siguiente nivel.\n\n\n\n\n\ud83d\udce9 \u00bfQuieres m\u00e1s informaci\u00f3n o agendar tu sesi\u00f3n? Escr\u00edbenos a:\nhola@fotorama.cl\n\n\n\n\n\ud83d\udcf2 Tambi\u00e9n puedes contactarnos f\u00e1cilmente haciendo clic en el bot\u00f3n de WhatsApp que est\u00e1 abajo a la derecha.\n\n\n","protected":false},"excerpt":{"rendered":"","protected":false},"author":1,"featured_media":0,"parent":0,"menu_order":0,"comment_status":"closed","ping_status":"closed","template":"","meta":{"pagelayer_contact_templates":[],"_pagelayer_content":"","_monsterinsights_skip_tracking":false,"_monsterinsights_sitenote_active":false,"_monsterinsights_sitenote_note":"","_monsterinsights_sitenote_category":0,"_uf_show_specific_survey":0,"_uf_disable_surveys":false,"footnotes":""},"class_list":["post-102","page","type-page","status-publish","hentry"],"aioseo_notices":[],"_links":{"self":[{"href":"https:\/\/www.fotorama.cl\/pro\/wp-json\/wp\/v2\/pages\/102","targetHints":{"allow":["GET"]}}],"collection":[{"href":"https:\/\/www.fotorama.cl\/pro\/wp-json\/wp\/v2\/pages"}],"about":[{"href":"https:\/\/www.fotorama.cl\/pro\/wp-json\/wp\/v2\/types\/page"}],"author":[{"embeddable":true,"href":"https:\/\/www.fotorama.cl\/pro\/wp-json\/wp\/v2\/users\/1"}],"replies":[{"embeddable":true,"href":"https:\/\/www.fotorama.cl\/pro\/wp-json\/wp\/v2\/comments?post=102"}],"version-history":[{"count":15,"href":"https:\/\/www.fotorama.cl\/pro\/wp-json\/wp\/v2\/pages\/102\/revisions"}],"predecessor-version":[{"id":726,"href":"https:\/\/www.fotorama.cl\/pro\/wp-json\/wp\/v2\/pages\/102\/revisions\/726"}],"wp:attachment":[{"href":"https:\/\/www.fotorama.cl\/pro\/wp-json\/wp\/v2\/media?parent=102"}],"curies":[{"name":"wp","href":"https:\/\/api.w.org\/{rel}","templated":true}]}}